 + (0 - (-36 - -46)).
-6
What is 229 + (-240 - -96) - -22?
107
What is -13 + -18 + 29 + 1 + 5?
4
What is the value of -2740 - -2617 - (-102 + 0)?
-21
Calculate -84 + 77 + -26 + 1.
-32
What is the value of 36 + (105 + -101 - (-4 + -1))?
45
320 + -274 + -65 + 12
-7
What is (-1829 - -1825) + (26 - (-1 - -1))?
22
-15 - ((-30 - 1) + -136 + 136) - 77
-61
8 - 22 - (22 - (31 - 10))
-15
-2378 + 2312 + (-3 - -6) + 7
-56
Calculate (4 - (1 + -2 - (28 - 25))) + (23 - 27).
4
What is -95 + 1 + -2 - (143 + -151)?
-88
What is -8 + -5 + (20 - (20 + -10))?
-3
-7 + ((1 - -1) + 1 - 1) - (123204 + -123321)
112
26 + -33 + (-6 - (-16 - -30))
-27
Calculate -25 + -69 + 99 - (2 - -19).
-16
What is 24 + -174 + 190 + (-64 - (3 + -11))?
-16
Calculate -16 + (17 - 1 - 13 - -1) + 105.
93
What is -39 + (-20 - -41) - (11 + 11)?
-40
What is (17 - (7 + -11)) + (-3 - 7) + 15?
26
Calculate 18 + (11 - (197 + -187 + -2 + 16)).
5
What is the value of -102 - (-27 + (34 - 5) + -24)?
-80
What is the value of (-2 - (-4 - -5)) + (-4 - (-6 + (1 - -15)))?
-17
What is -4 + (-2 - 23) - (5 + -3) - 1?
-32
3 + -21 + 64 + (-2 - 18)
26
(-36 + 92 - -51) + -54
53
21 + (-8 - 12 - -9) - 36
-26
What is the value of 81 - -1 - (11 - ((8 - 12) + 25 + -21))?
71
Calculate -59 - ((-1 - -3 - -5) + -3 + (-47 - -34)).
-50
-53 + (34 - -40 - 14)
7
Calculate -4909 - -4963 - (-85 - 4).
143
What is -46 + (16 - -4 - -37)?
11
Evaluate 1 + -3 + -11 + (-205 - -513) + -203.
92
(7 - 11) + (-69 - -58) - 29
-44
What is the value of -84 + 75 - 37 - 22?
-68
4 + (26 + -26 - 40)
-36
What is the value of (-70 - -3) + (-8 - (-31 + (-14 - -19)))?
-49
What is 0 + -128 - (-64 - (43 + 2 + -120))?
-139
42 + -25 - (4 + 14 - (34 - 18))
15
Calculate (30 - -17 - 29) + 26.
44
What is (0 - 1) + 37 - (-10318 + 10331)?
23
What is the value of 0 + (0 - 0) + 209 + -131 - 10?
68
Calculate (4 + 10 - 2) + (-147 - -121).
-14
Evaluate -12 + (5 + -10 - 22).
-39
Evaluate (-3157 - -3114) + 1 + -5.
-47
What is the value of 85 + 2 + (-516 - -336)?
-93
What is 53 + 3 - (-65 + 125)?
-4
Calculate -9 + -1 + 9 + -56 - (2 + 0 + -5).
-54
Calculate -1 - 27 - ((7 - -16 - (2 - -5)) + -10).
-34
What is -1 + 9 + 3863 + -3848?
23
Evaluate (2 + -12 - (-49 + -47)) + (25 - 22).
89
-4 - (43 + -49) - (26 + (0 - 0))
-24
(-19 - (33 + (-16 - 10))) + -94
-120
What is (-14 + -1 - (-78 + 88)) + 4 + 4?
-17
Calculate -73 + (-57 - (75 - 124)).
-81
Calculate 71 + 6 + (-12 - 57).
8
What is 33 + -20 + 9 + -12 - -3?
13
Calculate 23 + -30 + -46 - 27.
-80
Evaluate -811 - -813 - (1 + (0 - 23)).
24
What is 16 + -11 + 14 + -23 + -20 + -78?
-102
What is the value of 71 - 149 - -18 - -121?
61
Calculate 45 + (8 + -18 - (3 - (2 + 7 + 1))).
42
Calculate 953 + -829 - (1 + 21) - 19.
83
What is the value of -35 - (-54 - -44 - 20)?
-5
What is (-1 + -26 - (-106 - -92)) + (-4 - 25)?
-42
What is (-7 - -9 - (1 + 4)) + (48 - 14 - -19)?
50
Calculate 2 + (2 - 15) + -108 + 110 + 16 + 27.
34
What is the value of -8 + -6 + 8 - (5 - (6 - -93))?
88
Evaluate (-51 - -104) + (5 - (-11 - -10)).
59
Calculate -10 + 24 + (-31 - -6 - -13) + -8.
-6
What is -25 + 34 + -3 + (7 - 0) + 2?
15
Evaluate -366 + 401 - (2 + 59).
-26
Calculate -79 - -74 - (38 - (-8 - -16)).
-35
Evaluate -107 - 1 - (-127 + -54 - -186).
-113
Calculate 30 + -10 + -164 + 190.
46
Evaluate 47 - (-10 + 54 + -31 + 17).
17
What is the value of 5 - ((-1 - (2 + -18)) + 45 + -116 + 82)?
-21
Calculate 39 + 21 + 260 + -331.
-11
What is the value of 50 - (-93 - -76) - -45?
112
What is the value of -97 + (39 - -44 - 43)?
-57
What is -4 - (15 - -8 - (11 - -22))?
6
Calculate -78 + 3 - (-2 - 0 - (1226 + -1234)) - -16.
-65
What is the value of -2 + -29 + -56 + 10?
-77
Evaluate -3 - ((-13 - (-2 + -8)) + -9 + 20).
-11
(4200 - 4119) + (-2 - 29)
50
52 + -37 + (-19 - -23) + -75
-56
-305 + 125 - (-85 + -63)
-32
56 + (-1 - 0 - (-277 - -269)) + -2
61
Calculate (17 - 1) + -18 + 1 - 31.
-32
8 + 4 + -20 + (-12 - -19) + 0 + 103
102
(-1055 - -1113) + -2 + -83
-27
What is the value of (-2 - (18 + -11)) + 15 - 18?
-12
What is the value of (68 - (-8 - -10)) + -98 + 80?
48
What is 4 + 1 + (21 - (43 + -23))?
6
What is (-66 - (-9 + -74)) + 47?
64
-29 - ((-62 - -17) + 22)
-6
What is the value of -181 + 182 - (-7 - -5 - -4)?
-1
What is the value of 7 - (92 + -159 + 71 - (0 + 23))?
26
Calculate (-32 - 1) + -6 + (20 - -15).
-4
Evaluate -122 + 128 + (-13 - -3) - (-2 - (2 - -51)).
51
What is (3 - (15 + -24 - -36)) + (-1 - -7) + -19?
-37
-15 + -2 + (24 - (125 + -5 + 3))
-116
Calculate 2 + 1 + -5 + -9 - (44 + -100 + 61).
-16
What is the value of (-4 - (-2 - 2)) + -2 - (25 - -19)?
-46
What is the value of 0 + 4 + 0 + -1 + (52 - (19 - 13))?
49
104 + -135 + (4 - -11) - -78
62
(20 - 7 - -13 - 30) + 39 + 2
37
Calculate (-28 - -25 - 10) + 11 + 35.
33
What is -16 + (-18 - (-6 - 74))?
46
Calculate (-82 - -79) + -21 - -56.
32
Evaluate 22 + (181 - 292) + 18 + -4.
-75
What is the value of 9 + -14 + 11 - -20 - (7 + -8)?
27
(5 - ((9 - -1) + -8) - -12) + 3 + 7
25
Calculate 317 - 312 - (68 + 6 + 1 - 0).
-70
What is (-93 - 0) + 7319 + -7267?
-41
What is 89 + -189 + 98 + (-37 - -1)?
-38
(170 + -328 - -120) + 2 + -83
-119
1 + 2303 + -2316 + 2 + 0 + 13
3
Evaluate 9 - 21 - (-10 + 0 - (-474 - -457)).
-19
(-13 - (30 + 13 + -1)) + (-5 - (-7 - 7))
-46
5 + (1 - (7 + -20)) + -4 + -10 + -122
-117
What is -18 + (-98 + 105 - (-6 + 3) - 10)?
-18
Evaluate (4 - 27) + -1 + -7 + -11.
-42
Calculate 55 - 2 - -1 - (-793 - -826 - (-1 - -29)).
49
Calculate (1 - 10) + (0 - (-32 - -69)) + 8.
-38
Evaluate -4 + 6 + -13 + (16 - ((26 - -1) + -38)).
16
Evaluate 24 + (-2 + 14 + -2 - (-1880 + 1884)).
30
What is (-4 - (6 + -5 + 0)) + (35 - (22 + 5))?
3
What is the value of 17 + -18 - 17 - ((-3 - 4) + -4)?
-7
What is the value of 57 + (-6 - (-6 - -5)) + -70 + 80 + 0?
62
What is the value of -87 - 17 - (740 + -885)?
41
Evaluate (42 + 10 - 19 - 78) + 56.
11
34 + -9 + (32 - 23) + 7
41
Evaluate -45 + 0 + 7 - (-1 - 15).
-22
What is (-72 - (6 + -22)) + -15 + 12?
-59
Evaluate -1 + 11 - (-21 + 26 + -3).
8
Calculate 433 - 512 - (2 + 1 + -16).
-66
Calculate 0 + -6 + (104 - 60) - (17 - 9).
30
Evaluate -6 + 49 - (148 - (40 + 5)).
-60
13 + 78 + (17 - 59) + 76
125
Evaluate 24 - (-17 + 46) - (-63 + (6 - 5)).
57
Calculate 8 + -50 + 38 + 46.
42
(-7 + -2 - -1) + -6 + 8 - (76 - 127)
45
Calculate -18 + -24 + 3 + (16 - -2).
-21
What is the value of -8 + 18 + 11 + -31 + 14?
4
Calculate -7 + 3 + (6 - -1) - (-8 - -13) - 3.
-5
5 + -19 + (14 - (7 - 6)) + 13
12
What is -58 + (-217 - -16) + 146?
-113
What is 0 + -29 + (-5674 - -5702)?
-1
What is the value of -5 - (14 + -27 + 14 + -20) - 25?
-11
What is 135 + (1 - (24 + -16)) + -2 - (-1 - -17)?
110
What is the value of 19 - (15 - -15 - -7)?
-18
Calculate 2 - -166 - (27 + 77 - 60).
124
(5 - (-4 + -5 + 23) - -1) + 39
31
Calculate -60 + (50 - (53 - 51)).
-12
Evaluate -15 + -10 + 32 + -50.
-43
What is -14 - (7 - (-5 + -7 - -27))?
-6
Calculate -1 + -68 - (11314 + -11416).
33
53 - (-46 + 50 - -100)
-51
-57 + -46 + 132 + -6
23
Evaluate -38 - -53 - 28 - (4 + -35 + 4) - -40.
54
Evaluate 8707 - 8682 - (64 + 0).
-39
Calculate 9 + -7 + -22 + (5 - 9).
-24
What is 6 + (-10 - -25) + -25 + (9 - 2 - 1)?
2
Calculate 1 + -1 - (0 - 0 - -1) - (-49929 - -49882).
46
5 + 14 + (25 - 19 - 16)
9
What is 7 + -90 + -3 + 17 + (1 + -17 - -5)?
-80
Calculate (-34 + 4 - -7) + -9 + 160 - 22.
106
What is (-486 - (-579 + 109)) + (-108 - (-2 - (-1 + -1)))?
-124
What is (-3 + -51 - (-3 - -1)) + (32 - (72 - 42))?
-50
Calculate -7 + 14 - ((10 - (-41 + 19)) + -19).
-6
Calculate -42 + 28 + 35 + (0 - 4 - -4).
21
Calculate 40 + (28 - 78) - ((1 - 1) + -73).
63
Calculate 11 + (-27 - 32) - -97.
49
Calculate (-41 - 17) + 69 + (-1 - 34).
-24
Evaluate -25 + (96 + -94 - (1 - 5)) + -35 + 45.
-9
Calculate -59 + -59 + 6 + 167.
55
What is (-24 + 16 - 4) + -8 + 4 + -1 + 98?
81
What is (-11 - -7) + -1 + -9 + (-19 + 18 - 5)?
-20
What is the value of -160 + 173 - ((-4 - (3 + -3)) + 5)?
12
Calculate 21 + (7 + -1 - 34).
-7
Calculate 27 + 2 + 5050 + -5062.
17
Calculate 3 + (2 - -63) + (1960 - 1986).
42
What is the value of ((-16 - 22) + -18 - -31) + 1 + -2 + 3?
-23
What is the value of (-4 - -27) + -1 + (-50 - -1)?
-27
Evaluate 6 + -42 + (-10 - -2) + 25 + -6.
-25
(-91 - 1) + 17570 + -17490
-12
What is (-25 + 29 - 6) + (-7 + 29 - (2 + 0))?
18
What is 19 + (-31 - (-49 - -24)) + (